{"id":2707,"date":"2025-07-08T08:17:14","date_gmt":"2025-07-08T06:17:14","guid":{"rendered":"https:\/\/graciacalbet.com\/?page_id=2707"},"modified":"2026-04-09T07:38:32","modified_gmt":"2026-04-09T05:38:32","slug":"politica-sulla-riservatezza","status":"publish","type":"page","link":"https:\/\/graciacalbet.com\/it\/politica-sulla-riservatezza\/","title":{"rendered":"Politica sulla riservatezza"},"content":{"rendered":"\r\n<p>In GR\u00c0CIACALBET lavoriamo per garantire la privacy nel trattamento dei suoi dati personali. Abbiamo aggiornato la nostra Informativa sulla Privacy per informare chiaramente su come raccogliamo, utilizziamo e custodiamo i dati delle persone che contattano la nostra azienda:<\/p>\r\n<p>\u2022 Titolare del trattamento<\/p>\r\n<p>\u2022 Finalit\u00e0 del trattamento dei dati<\/p>\r\n<p>\u2022 Periodo di conservazione dei dati<\/p>\r\n<p>\u2022 Base giuridica del trattamento dei dati<\/p>\r\n<p>\u2022 Comunicazione dei dati<\/p>\r\n<p>\u2022 Trasferimenti internazionali di dati<\/p>\r\n<p>\u2022 I suoi diritti<\/p>\r\n<p>\u2022 Origine dei suoi dati.<\/p>\r\n<p>Chi \u00e8 il titolare del trattamento dei suoi dati?<\/p>\r\n<p><strong>Ragione sociale: <\/strong>GR\u00c0CIA I CALBET SLP.<\/p>\r\n<p><strong>Nome commerciale: <\/strong>GR\u00c0CIACALBET<\/p>\r\n<p><strong>NIF: <\/strong>B-63085955<\/p>\r\n<p><strong>Indirizzo postale: <\/strong>08007 Barcelona, Gran Via Corts Catalanes 617, 3\u00ba 2\u00aa<\/p>\r\n<p><strong>Telefono: <\/strong>933170429<\/p>\r\n<p><strong>Email: <\/strong><a href=\"mailto:info@nombreempresa.com\">info@graciacalbet.com<\/a><\/p>\r\n<p>Per quale finalit\u00e0 trattiamo i suoi dati personali?<\/p>\r\n<p>In GR\u00c0CIACALBET il trattamento dei dati viene effettuato per le seguenti finalit\u00e0, in funzione del motivo per cui ci sono stati forniti:<\/p>\r\n<p>Gestire i dati forniti direttamente dall\u2019interessato per informarlo sui nostri prodotti e servizi, rispondere alla sua richiesta, domanda o consultazione e effettuare un successivo follow-up.<\/p>\r\n<p>Gestire i dati forniti dall\u2019associato al momento della contrattazione dei nostri servizi, a livello organizzativo, contabile, fiscale e amministrativo, nonch\u00e9 per informare su servizi, eventi e notizie legate alla nostra attivit\u00e0 professionale che possano essere di suo interesse.<\/p>\r\n<p>Gestire i dati professionali dell\u2019UTENTE per la sua partecipazione ai diversi eventi o attivit\u00e0 che organizziamo e per i quali ci ha autorizzato a informarlo su altre attivit\u00e0 o eventi che possiamo organizzare in relazione a progetti o servizi che possano essere di suo interesse.<\/p>\r\n<p>Effettuare, nel caso si sia iscritto alle nostre newsletter, l\u2019invio delle stesse trattando i dati forniti per recapitarle.<\/p>\r\n<p>Effettuare, se del caso, la profilazione dell\u2019utente per offrirgli i nostri prodotti e servizi.<\/p>\r\n<p>Per quanto tempo conserveremo i suoi dati?<\/p>\r\n<p>I dati per la gestione del rapporto con l\u2019associato e la fatturazione e incasso dei servizi saranno conservati per tutto il tempo in cui il contratto sar\u00e0 in vigore. Una volta terminato tale rapporto, se del caso, i dati potranno essere conservati per il tempo richiesto dalla normativa applicabile e fino alla prescrizione delle eventuali responsabilit\u00e0 derivanti dal contratto.<\/p>\r\n<p>I dati relativi alla pubblicazione di commenti sui nostri prodotti saranno mantenuti per la durata e la pubblicit\u00e0 dei prodotti o servizi a cui si riferiscono, salvo che venga espressa la volont\u00e0 di eliminarli in qualsiasi momento.<\/p>\r\n<p>I dati per la partecipazione a eventi e attivit\u00e0 saranno conservati per la durata degli stessi, per gestirne lo svolgimento e, successivamente, fino alla prescrizione delle eventuali responsabilit\u00e0 derivanti dalla loro realizzazione.<\/p>\r\n<p>I dati per l\u2019invio di newsletter saranno conservati a tempo indeterminato fino a quando, se del caso, venga manifestata la volont\u00e0 di cancellarli.<\/p>\r\n<p>I dati per l\u2019invio di comunicazioni commerciali e per l\u2019elaborazione di profili commerciali relativi ai nostri prodotti o servizi saranno conservati a tempo indeterminato fino a quando, se del caso, venga manifestata la volont\u00e0 di cancellarli.<\/p>\r\n<p>Qual \u00e8 la base giuridica del trattamento dei suoi dati?<\/p>\r\n<p>\u2022 La base legale per il trattamento dei suoi dati per le finalit\u00e0 da 1 a 3 \u00e8 l\u2019esecuzione del contratto relativo alla prestazione del servizio corrispondente.<\/p>\r\n<p>\u2022 L\u2019offerta prospettica di prodotti e servizi associati si basa sulla soddisfazione del legittimo interesse aziendale consistente nel poter offrire ai nostri clienti la contrattazione di altri prodotti o servizi e ottenere cos\u00ec la loro fidelizzazione. Questo legittimo interesse \u00e8 riconosciuto dalla normativa applicabile (Regolamento Generale sulla Protezione dei Dati), che consente espressamente il trattamento dei dati personali su questa base giuridica per finalit\u00e0 di marketing diretto.<\/p>\r\n<p>Tuttavia, le ricordiamo che ha diritto di opporsi a tale trattamento dei suoi dati, e pu\u00f2 farlo attraverso uno qualsiasi dei mezzi descritti nella presente Informativa.<\/p>\r\n<p>\u2022 La base dell\u2019invio di comunicazioni commerciali a utenti non clienti \u00e8 il consenso richiesto, che pu\u00f2 essere revocato in qualsiasi momento. La revoca di tale consenso non pregiudicher\u00e0 in alcun caso l\u2019esecuzione del contratto, ma i trattamenti effettuati precedentemente non perderanno la loro liceit\u00e0 per effetto della revoca.<\/p>\r\n<p>A quali destinatari saranno comunicati i suoi dati?<\/p>\r\n<p>I dati non saranno ceduti a terzi, eccetto a:<\/p>\r\n<p>\u2022 Entit\u00e0 finanziarie attraverso le quali si gestiscono incassi e pagamenti.<\/p>\r\n<p>\u2022 Amministrazioni pubbliche competenti, nei casi previsti dalla legge e per le finalit\u00e0 in essa definite.<\/p>\r\n<p>Trasferimenti di dati verso paesi terzi?<\/p>\r\n<p>Non vengono effettuati trasferimenti internazionali di dati.<\/p>\r\n<p>Quali sono i suoi diritti quando ci fornisce i suoi dati?<\/p>\r\n<p>\u2022 Qualsiasi persona ha il diritto di ottenere conferma del fatto che in GR\u00c0CIACALBET siano o meno in corso trattamenti di dati personali che la riguardano.<\/p>\r\n<p>\u2022 Gli interessati hanno il diritto di accedere ai propri dati personali, nonch\u00e9 di richiederne la rettifica in caso di inesattezza o, se del caso, la cancellazione quando, tra gli altri motivi, i dati non siano pi\u00f9 necessari per le finalit\u00e0 per cui sono stati raccolti.<\/p>\r\n<p>\u2022 In determinate circostanze, gli interessati possono richiedere la limitazione del trattamento dei dati o la loro portabilit\u00e0; in tal caso li conserveremo esclusivamente per l\u2019esercizio o la difesa di eventuali reclami.<\/p>\r\n<p>\u2022 In determinate circostanze e per motivi legati alla loro situazione particolare, gli interessati possono opporsi al trattamento dei dati. In tal caso, GR\u00c0CIACALBET cesser\u00e0 il trattamento, salvo motivi legittimi prevalenti o per l\u2019esercizio o la difesa di eventuali reclami.<\/p>\r\n<p>Pu\u00f2 esercitare i suoi diritti nei seguenti modi:<\/p>\r\n<p>Via email allegando copia del documento d\u2019identit\u00e0 a: info@nombreempresa.com<\/p>\r\n<p>Via posta: 08007 Barcelona, Gran Via Corts Catalanes 617, 3\u00ba 2\u00aa, allegando copia del documento d\u2019identit\u00e0.<\/p>\r\n<p>All\u2019indirizzo email e postale indicati, le forniremo i moduli necessari per esercitare concretamente tali diritti.<\/p>\r\n<p>\u2022 Se ha fornito il suo consenso per una specifica finalit\u00e0, ha il diritto di revocarlo in qualsiasi momento, senza che ci\u00f2 pregiudichi la liceit\u00e0 del trattamento basato sul consenso prestato prima della revoca.<\/p>\r\n<p>\u2022 Nel caso in cui ritenga violati i suoi diritti in materia di protezione dei dati personali, in particolare quando non abbia ottenuto soddisfazione nell\u2019esercizio dei suoi diritti, pu\u00f2 presentare un reclamo all\u2019Autorit\u00e0 di controllo competente tramite il suo sito web: www.agpd.es.<\/p>\r\n<p>Come abbiamo ottenuto i suoi dati?<\/p>\r\n<p>I dati personali trattati da GR\u00c0CIACALBET provengono dagli stessi interessati o dal loro rappresentante legale.<\/p>\r\n<p>Le ricordiamo che non dovrebbe fornire dati di terzi senza avere il loro consenso e senza che siano stati previamente informati.<\/p>\r\n<p>Non vengono trattate categorie particolari di dati personali (ossia dati che rivelino origine etnica o razziale, opinioni politiche, convinzioni religiose o filosofiche, appartenenza sindacale, dati genetici, dati biometrici finalizzati a identificare in modo univoco una persona fisica, dati relativi alla salute o alla vita sessuale o all\u2019orientamento sessuale di una persona fisica).<\/p>\r\n","protected":false},"excerpt":{"rendered":"<p>In GR\u00c0CIACALBET lavoriamo per garantire la privacy nel trattamento dei suoi dati personali. Abbiamo aggiornato la nostra Informativa sulla Privacy per informare chiaramente su come raccogliamo, utilizziamo e custodiamo i dati delle persone che contattano la nostra azienda: \u2022 Titolare del trattamento \u2022 Finalit\u00e0 del trattamento dei dati \u2022 Periodo di conservazione dei dati \u2022<a href=\"https:\/\/graciacalbet.com\/it\/politica-sulla-riservatezza\/\">Continue reading <span class=\"sr-only\">&#8220;Politica sulla riservatezza&#8221;<\/span><\/a><\/p>\n","protected":false},"author":1,"featured_media":0,"parent":0,"menu_order":0,"comment_status":"closed","ping_status":"closed","template":"","meta":{"_acf_changed":false,"inline_featured_image":false,"footnotes":""},"service-type":[],"class_list":["post-2707","page","type-page","status-publish","hentry"],"acf":[],"_links":{"self":[{"href":"https:\/\/graciacalbet.com\/it\/wp-json\/wp\/v2\/pages\/2707","targetHints":{"allow":["GET"]}}],"collection":[{"href":"https:\/\/graciacalbet.com\/it\/wp-json\/wp\/v2\/pages"}],"about":[{"href":"https:\/\/graciacalbet.com\/it\/wp-json\/wp\/v2\/types\/page"}],"author":[{"embeddable":true,"href":"https:\/\/graciacalbet.com\/it\/wp-json\/wp\/v2\/users\/1"}],"replies":[{"embeddable":true,"href":"https:\/\/graciacalbet.com\/it\/wp-json\/wp\/v2\/comments?post=2707"}],"version-history":[{"count":4,"href":"https:\/\/graciacalbet.com\/it\/wp-json\/wp\/v2\/pages\/2707\/revisions"}],"predecessor-version":[{"id":5182,"href":"https:\/\/graciacalbet.com\/it\/wp-json\/wp\/v2\/pages\/2707\/revisions\/5182"}],"wp:attachment":[{"href":"https:\/\/graciacalbet.com\/it\/wp-json\/wp\/v2\/media?parent=2707"}],"wp:term":[{"taxonomy":"service-type","embeddable":true,"href":"https:\/\/graciacalbet.com\/it\/wp-json\/wp\/v2\/service-type?post=2707"}],"curies":[{"name":"wp","href":"https:\/\/api.w.org\/{rel}","templated":true}]}}

<p>In GRÀCIACALBET lavoriamo per garantire la privacy nel trattamento dei suoi dati personali. Abbiamo aggiornato la nostra Informativa sulla Privacy per informare chiaramente su come raccogliamo, utilizziamo e custodiamo i dati delle persone che contattano la nostra azienda:</p>
<p>• Titolare del trattamento</p>
<p>• Finalità del trattamento dei dati</p>
<p>• Periodo di conservazione dei dati</p>
<p>• Base giuridica del trattamento dei dati</p>
<p>• Comunicazione dei dati</p>
<p>• Trasferimenti internazionali di dati</p>
<p>• I suoi diritti</p>
<p>• Origine dei suoi dati.</p>
<p>Chi è il titolare del trattamento dei suoi dati?</p>
<p><strong>Ragione sociale: </strong>GRÀCIA I CALBET SLP.</p>
<p><strong>Nome commerciale: </strong>GRÀCIACALBET</p>
<p><strong>NIF: </strong>B-63085955</p>
<p><strong>Indirizzo postale: </strong>08007 Barcelona, Gran Via Corts Catalanes 617, 3º 2ª</p>
<p><strong>Telefono: </strong>933170429</p>
<p><strong>Email: </strong><a href="mailto:info@nombreempresa.com">info@graciacalbet.com</a></p>
<p>Per quale finalità trattiamo i suoi dati personali?</p>
<p>In GRÀCIACALBET il trattamento dei dati viene effettuato per le seguenti finalità, in funzione del motivo per cui ci sono stati forniti:</p>
<p>Gestire i dati forniti direttamente dall’interessato per informarlo sui nostri prodotti e servizi, rispondere alla sua richiesta, domanda o consultazione e effettuare un successivo follow-up.</p>
<p>Gestire i dati forniti dall’associato al momento della contrattazione dei nostri servizi, a livello organizzativo, contabile, fiscale e amministrativo, nonché per informare su servizi, eventi e notizie legate alla nostra attività professionale che possano essere di suo interesse.</p>
<p>Gestire i dati professionali dell’UTENTE per la sua partecipazione ai diversi eventi o attività che organizziamo e per i quali ci ha autorizzato a informarlo su altre attività o eventi che possiamo organizzare in relazione a progetti o servizi che possano essere di suo interesse.</p>
<p>Effettuare, nel caso si sia iscritto alle nostre newsletter, l’invio delle stesse trattando i dati forniti per recapitarle.</p>
<p>Effettuare, se del caso, la profilazione dell’utente per offrirgli i nostri prodotti e servizi.</p>
<p>Per quanto tempo conserveremo i suoi dati?</p>
<p>I dati per la gestione del rapporto con l’associato e la fatturazione e incasso dei servizi saranno conservati per tutto il tempo in cui il contratto sarà in vigore. Una volta terminato tale rapporto, se del caso, i dati potranno essere conservati per il tempo richiesto dalla normativa applicabile e fino alla prescrizione delle eventuali responsabilità derivanti dal contratto.</p>
<p>I dati relativi alla pubblicazione di commenti sui nostri prodotti saranno mantenuti per la durata e la pubblicità dei prodotti o servizi a cui si riferiscono, salvo che venga espressa la volontà di eliminarli in qualsiasi momento.</p>
<p>I dati per la partecipazione a eventi e attività saranno conservati per la durata degli stessi, per gestirne lo svolgimento e, successivamente, fino alla prescrizione delle eventuali responsabilità derivanti dalla loro realizzazione.</p>
<p>I dati per l’invio di newsletter saranno conservati a tempo indeterminato fino a quando, se del caso, venga manifestata la volontà di cancellarli.</p>
<p>I dati per l’invio di comunicazioni commerciali e per l’elaborazione di profili commerciali relativi ai nostri prodotti o servizi saranno conservati a tempo indeterminato fino a quando, se del caso, venga manifestata la volontà di cancellarli.</p>
<p>Qual è la base giuridica del trattamento dei suoi dati?</p>
<p>• La base legale per il trattamento dei suoi dati per le finalità da 1 a 3 è l’esecuzione del contratto relativo alla prestazione del servizio corrispondente.</p>
<p>• L’offerta prospettica di prodotti e servizi associati si basa sulla soddisfazione del legittimo interesse aziendale consistente nel poter offrire ai nostri clienti la contrattazione di altri prodotti o servizi e ottenere così la loro fidelizzazione. Questo legittimo interesse è riconosciuto dalla normativa applicabile (Regolamento Generale sulla Protezione dei Dati), che consente espressamente il trattamento dei dati personali su questa base giuridica per finalità di marketing diretto.</p>
<p>Tuttavia, le ricordiamo che ha diritto di opporsi a tale trattamento dei suoi dati, e può farlo attraverso uno qualsiasi dei mezzi descritti nella presente Informativa.</p>
<p>• La base dell’invio di comunicazioni commerciali a utenti non clienti è il consenso richiesto, che può essere revocato in qualsiasi momento. La revoca di tale consenso non pregiudicherà in alcun caso l’esecuzione del contratto, ma i trattamenti effettuati precedentemente non perderanno la loro liceità per effetto della revoca.</p>
<p>A quali destinatari saranno comunicati i suoi dati?</p>
<p>I dati non saranno ceduti a terzi, eccetto a:</p>
<p>• Entità finanziarie attraverso le quali si gestiscono incassi e pagamenti.</p>
<p>• Amministrazioni pubbliche competenti, nei casi previsti dalla legge e per le finalità in essa definite.</p>
<p>Trasferimenti di dati verso paesi terzi?</p>
<p>Non vengono effettuati trasferimenti internazionali di dati.</p>
<p>Quali sono i suoi diritti quando ci fornisce i suoi dati?</p>
<p>• Qualsiasi persona ha il diritto di ottenere conferma del fatto che in GRÀCIACALBET siano o meno in corso trattamenti di dati personali che la riguardano.</p>
<p>• Gli interessati hanno il diritto di accedere ai propri dati personali, nonché di richiederne la rettifica in caso di inesattezza o, se del caso, la cancellazione quando, tra gli altri motivi, i dati non siano più necessari per le finalità per cui sono stati raccolti.</p>
<p>• In determinate circostanze, gli interessati possono richiedere la limitazione del trattamento dei dati o la loro portabilità; in tal caso li conserveremo esclusivamente per l’esercizio o la difesa di eventuali reclami.</p>
<p>• In determinate circostanze e per motivi legati alla loro situazione particolare, gli interessati possono opporsi al trattamento dei dati. In tal caso, GRÀCIACALBET cesserà il trattamento, salvo motivi legittimi prevalenti o per l’esercizio o la difesa di eventuali reclami.</p>
<p>Può esercitare i suoi diritti nei seguenti modi:</p>
<p>Via email allegando copia del documento d’identità a: info@nombreempresa.com</p>
<p>Via posta: 08007 Barcelona, Gran Via Corts Catalanes 617, 3º 2ª, allegando copia del documento d’identità.</p>
<p>All’indirizzo email e postale indicati, le forniremo i moduli necessari per esercitare concretamente tali diritti.</p>
<p>• Se ha fornito il suo consenso per una specifica finalità, ha il diritto di revocarlo in qualsiasi momento, senza che ciò pregiudichi la liceità del trattamento basato sul consenso prestato prima della revoca.</p>
<p>• Nel caso in cui ritenga violati i suoi diritti in materia di protezione dei dati personali, in particolare quando non abbia ottenuto soddisfazione nell’esercizio dei suoi diritti, può presentare un reclamo all’Autorità di controllo competente tramite il suo sito web: www.agpd.es.</p>
<p>Come abbiamo ottenuto i suoi dati?</p>
<p>I dati personali trattati da GRÀCIACALBET provengono dagli stessi interessati o dal loro rappresentante legale.</p>
<p>Le ricordiamo che non dovrebbe fornire dati di terzi senza avere il loro consenso e senza che siano stati previamente informati.</p>
<p>Non vengono trattate categorie particolari di dati personali (ossia dati che rivelino origine etnica o razziale, opinioni politiche, convinzioni religiose o filosofiche, appartenenza sindacale, dati genetici, dati biometrici finalizzati a identificare in modo univoco una persona fisica, dati relativi alla salute o alla vita sessuale o all’orientamento sessuale di una persona fisica).</p>

<p>In GRÀCIACALBET lavoriamo per garantire la privacy nel trattamento dei suoi dati personali. Abbiamo aggiornato la nostra Informativa sulla Privacy per informare chiaramente su come raccogliamo, utilizziamo e custodiamo i dati delle persone che contattano la nostra azienda: • Titolare del trattamento • Finalità del trattamento dei dati • Periodo di conservazione dei dati •<a href="https://graciacalbet.com/it/politica-sulla-riservatezza/">Continue reading <span class="sr-only">&#8220;Politica sulla riservatezza&#8221;</span></a></p>
